o + 24. Give r(-2).
8
Let c(x) = -29*x + 145. Determine c(6).
-29
Let p(n) = 7*n**2 - 260*n - 6. Calculate p(37).
-43
Let i(h) = 38*h**3 + 26*h**2 + 3*h - 1. Give i(-2).
-207
Let j(m) = -39*m**2 + 46*m + 2. Determine j(0).
2
Let v(w) = 83*w - 828. Calculate v(10).
2
Let x(h) = -83*h + 1663. What is x(20)?
3
Let p(x) = x**3 + x**2 + 10*x + 9. Give p(-1).
-1
Let w(z) = 18*z - 132. What is w(7)?
-6
Let b(m) = -285*m + 32197. Calculate b(113).
-8
Let b(l) = 23*l - 854. Determine b(43).
135
Let v(o) = -2*o**3 - o**2 - 17*o - 68. Calculate v(-3).
28
Let s(r) = 32*r - 396. Determine s(13).
20
Let q(h) = -2*h**3 + 4*h**2 - 148*h + 593. Give q(4).
-63
Let u(s) = -2*s**3 + 4*s**2 + 518*s - 1043. What is u(2)?
-7
Let z(r) = -264*r**3 + 2111*r**2 + 8*r - 7. Give z(8).
-7
Let j(v) = 18*v**3 - 123*v**2 - 23*v - 3. What is j(7)?
-17
Let o(g) = 1084*g - 6497. Give o(6).
7
Let q(g) = -27*g**3 + 379*g**2 - g - 55. Give q(14).
127
Let i(y) = -2*y**3 - 37*y**2 - 143*y + 2. Determine i(-13).
2
Let t(n) = -2*n**2 + 41*n - 23. Calculate t(22).
-89
Let f(z) = -52*z**2 + 29*z + 29. Determine f(-1).
-52
Let r(x) = -3*x**3 + 124*x**2 - 1055*x - 9. Determine r(12).
3
Let m(w) = 681*w - 2066. What is m(3)?
-23
Let c(n) = 42*n + 2768. Give c(-66).
-4
Let z(k) = k**3 - 77*k**2 + 42*k + 2576. Give z(76).
-8
Let b(m) = m**3 + 20*m**2 - 60*m + 6. Calculate b(-22).
358
Let t(k) = 6*k**2 + 466*k + 765. Calculate t(-76).
5
Let r(p) = 137*p**3 + 12*p**2 + 5*p - 8. Calculate r(-1).
-138
Let w(i) = -183*i - 19029. What is w(-104)?
3
Let r(h) = -h**3 + 12*h**2 + 44*h + 30. Determine r(15).
15
Let y(t) = 6*t**2 - 97*t - 48. Determine y(14).
-230
Let w(a) = -461*a + 10606. What is w(23)?
3
Let x(t) = -9*t**3 + 18*t**2 - 2*t + 7. Determine x(3).
-80
Let i(y) = -y**3 + 91*y**2 - 44*y - 4131. Calculate i(90).
9
Let r(s) = -825*s**2 + 8*s + 4. Calculate r(-1).
-829
Let g(z) = -z**3 - 9*z**2 + z - 8. What is g(0)?
-8
Let m(v) = 2*v**3 - 156*v**2 - 78*v + 6110. Give m(78).
26
Let c(y) = y**3 - 6*y**2 - 9*y - 30. Determine c(7).
-44
Let w(v) = v**2 - 8*v - 36. Calculate w(-18).
432
Let f(a) = 4*a**2 + 97*a + 70. Determine f(-24).
46
Let a(h) = -h**2 - 11*h - 23. Give a(-2).
-5
Let t(n) = n**2 - 52*n + 644. Calculate t(23).
-23
Let s(o) = -2*o**3 + 18*o**2 - 341*o + 3076. What is s(9)?
7
Let c(k) = k**3 + 3*k**2 - 185*k + 69. Determine c(12).
9
Let q(z) = -z**3 + 72*z**2 - 203*z - 307. What is q(69)?
-31
Let h(s) = s**3 + 31*s**2 + 19*s + 577. What is h(-31)?
-12
Let r(w) = 31*w**2 + 152*w - 233. Give r(-6).
-29
Let o(f) = 22*f - 292. Determine o(12).
-28
Let x(h) = -285*h + 2001. Calculate x(7).
6
Let n(a) = 21*a + 214. Calculate n(-9).
25
Let n(s) = -2*s**3 - 70*s**2 + 172*s + 881. Give n(-37).
-7
Let q(x) = 59*x - 4. What is q(-2)?
-122
Let n(h) = h**2 - 27*h - 625. Calculate n(42).
5
Let b(v) = 3*v**3 + 87*v**2 + 3*v + 83. Determine b(-29).
-4
Let a(w) = 2*w**3 - 12*w**2 + w + 12. Give a(6).
18
Let u(j) = 21*j**3 - 11*j + 12. Determine u(1).
22
Let c(t) = -7*t**2 - 29*t + 95. What is c(4)?
-133
Let z(s) = -114*s + 53. What is z(0)?
53
Let t(n) = 4*n - 98. Determine t(10).
-58
Let y(w) = 6*w + 21. Give y(-5).
-9
Let h(b) = -154*b - 14469. What is h(-94)?
7
Let d(k) = -k**2 + 29*k - 89. Determine d(25).
11
Let x(j) = -j**3 + 5*j**2 + 327*j - 2533. Calculate x(8).
-109
Let m(h) = 275*h - 2227. What is m(8)?
-27
Let f(k) = -k**3 - 5*k**2 - 372*k - 741. Calculate f(-2).
-9
Let a(p) = -p**3 - 88*p**2 - 85*p + 147. Calculate a(-87).
-27
Let m(y) = -5*y**2 - 10*y - 6. Give m(-2).
-6
Let c(l) = l**3 + 14*l**2 + 16*l + 2. Calculate c(-12).
98
Let v(b) = 4*b**2 - 12*b + 37. Give v(5).
77
Let c(b) = -3*b**3 - 234*b**2 - 455*b + 52. Calculate c(-76).
-24
Let t(r) = -2*r**3 + 41*r**2 - 14*r - 55. Calculate t(20).
65
Let d(j) = -j**2 - 15*j + 151. Give d(7).
-3
Let l(m) = 100*m - 3025. Give l(30).
-25
Let t(m) = 2*m**3 - 8*m**2 + m + 76. Calculate t(0).
76
Let d(g) = -g**3 - 35*g**2 + 294*g - 14. Determine d(-42).
-14
Let c(r) = -117*r - 24100. Calculate c(-206).
2
Let g(y) = y**3 + 6*y**2 - 33*y - 177. Give g(-9).
-123
Let g(f) = 50*f**2 - 387*f - 111. What is g(8)?
-7
Let k(o) = -2*o**2 - 37*o + 24. What is k(-19)?
5
Let h(s) = -s**2 + 29*s + 324. Determine h(-9).
-18
Let z(l) = 13*l - 110. Give z(13).
59
Let k(r) = 3*r**2 - 28*r + 28. Determine k(7).
-21
Let g(y) = -8*y + 82. Determine g(7).
26
Let g(u) = -14*u**2 - 41*u + 1. Determine g(-5).
-144
Let a(o) = 479*o - 488. Give a(1).
-9
Let p(g) = g**2 - 28*g + 22. What is p(32)?
150
Let l(b) = -b**3 + 31*b**2 + 106*b + 57. Calculate l(34).
193
Let b(w) = 33*w**2 - 2*w - 2. Calculate b(-2).
134
Let o(m) = 6*m**2 - 71*m + 43. Calculate o(11).
-12
Let f(b) = 5669*b + 153056. Calculate f(-27).
-7
Let c(m) = 76*m**3 - 148*m**2 + 5*m. Give c(2).
26
Let i(o) = 2*o**2 - 60*o - 518. Determine i(38).
90
Let m(a) = 26*a + 1653. Determine m(-66).
-63
Let v(c) = -2*c**3 - 4*c**2 + 136*c + 389. Calculate v(-3).
-1
Let y(d) = -d**3 + 23*d**2 - 125*d - 22. Determine y(15).
-97
Let a(o) = 6*o**2 + 79*o - 15. Calculate a(-13).
-28
Let v(i) = -4*i**2 - 4*i + 26. Give v(4).
-54
Let d(m) = 7*m**2 + 3*m + 13. What is d(-7)?
335
Let x(b) = -12*b**2 + 9*b - 56. Give x(6).
-434
Let j(o) = -82*o**2 - 8*o - 4. What is j(-1)?
-78
Let o(r) = 149*r - 1062. Calculate o(7).
-19
Let a(m) = m**3 + 23*m**2 + 124*m + 41. What is a(-8)?
9
Let g(k) = -k**3 + 15*k**2 + 116*k + 207. Give g(21).
-3
Let h(x) = x**2 - 32*x + 151. Determine h(7).
-24
Let u(f) = 2*f**3 - f**2 + f - 8. Give u(0).
-8
Let j(w) = w**3 + 32*w**2 + 233*w + 41. Determine j(-21).
-1
Let h(z) = -z**2 + 4*z + 447. Give h(-20).
-33
Let g(c) = -1375*c + 16497. Calculate g(12).
-3
Let m(i) = -i**2 - 32*i + 141. Calculate m(-35).
36
Let u(p) = -65*p + 7486. Give u(114).
76
Let z(f) = -672*f - 5332. What is z(-8)?
44
Let g(j) = 54*j - 340. What is g(6)?
-16
Let i(b) = 517*b - 6204. Calculate i(12).
0
Let x(o) = 32*o + 1134. Determine x(-70).
-1106
Let f(a) = -a**3 + 13*a**2 + 339*a + 44. Determine f(-13).
31
Let o(d) = -d**3 - 11*d**2 - 79*d - 696. Determine o(-10).
-6
Let u(v) = -v**2 - 178*v - 6161. Give u(-47).
-4
Let k(h) = -3*h**2 + 28*h - 34. Give k(6).
26
Let f(n) = -792*n + 15824. Calculate f(20).
-16
Let z(m) = -24*m + 474. Determine z(-6).
618
Let u(h) = -33*h**2 - 4*h + 1162. Determine u(-6).
-2
Let c(j) = -121*j + 1581. Calculate c(13).
8
Let i(o) = -o**3 + 8*o**2 + 254*o - 1826. Determine i(7).
1
Let n(w) = w**2 - 3*w + 41. Determine n(9).
95
Let z(k) = 5*k**2 - 24*k - 1. Give z(10).
259
Let o(n) = -n**3 + 29*n**2 - 32*n - 310. What is o(28)?
-422
Let a(b) = b**2 - 4*b - 412. Determine a(-18).
-16
Let o(j) = -3067*j + 42944. What is o(14)?
6
Let v(g) = 2*g**3 + 8*g**2 - 10*g - 46. Calculate v(-8).
-478
Let u(r) = -126*r + 8329. Give u(66).
13
Let o(h) = 3*h**2 - h - 109. What is o(9)?
125
Let n(t) = 24*t**2 - 2086*t - 176. Calculate n(87).
-2
Let h(i) = -2*i**2 - 6*i + 142. Calculate h(-21).
-614
Let i(u) = -69*u**2 + 8*u + 1. Give i(1).
-60
Let d(q) = -q**2 + 30*q - 70. Determine d(0).
-70
Let f(u) = -406*u + 2838. Calculate f(7).
-4
Let a(v) = v**3 + 19*v**2 + 72*v + 31. Determine a(-14).
3
Let n(f) = 83*f + 4242. Determine n(-51).
9
Let l(v) = -12*v**2 + 238*v + 40. What is l(20)?
0
Let h(a) = 35*a + 1268. Calculate h(-32).
148
Let v(y) = -y**2 + 14*y + 66. Calculate v(16).
34
Let w(d) = 36*d**2 - 10*d + 9. What is w(1)?
35
Let t(a) = -141*a**2 - 1402*a + 8. What is t(-10)?
-72
Let o(z) = -9*z**2 + z - 4. Give o(-4).
-152
Let b(j) = -19*j**2 + 46*j + 90. Give b(-2).
-78
Let x(l) = 28*l - 243. Give x(5).
-103
Let b(v) = -2*v**2 - 31*v - 5. Give b(0).
-5
Let p(r) = -r**2 - 8*r - 121. Determine p(-18).
-301
Let f(w) = -w**3 + w**2 + 2*w + 197. Determine f(0).
197
Let x(f) = -2*f**2 + 193*f + 24759. Calculate x(-73).
12
Let k(u) = u**2 + 43*u + 106. Give k(-41).
24
Let b(w) = 5*w + 21. Give b(8).
61
Let a(i) = -i**3 + 13*i**2 - 31*i - 70. Calculate a(6).
-4
Let b(r) = 2*r**3 - 105*r**2 + 151*r - 11. Give b(51).
-113
Let c(r) = -2489*r + 9941. Determine c(4).
-15
Let x(c) = c**3 + 3*c**2 + c - 12. What is x(-4)?
-32
Let a(m) = -3*m + 31. Determine a(6).
13
Let j(g) = 29*g**3 + 2*g**2 - 1. Give j(-1).
-28
Let i(a) = -3*a**3 + 39*a**2 + 28*a - 9. Determine i(13).
355
Let y(a) = 2*a**2 + 77*a + 418. Determine y(-31